{"id":2,"date":"2022-04-08T09:45:19","date_gmt":"2022-04-08T07:45:19","guid":{"rendered":"http:\/\/www.maximeschwarz.com\/?page_id=2"},"modified":"2025-03-25T15:14:12","modified_gmt":"2025-03-25T14:14:12","slug":"page-d-exemple","status":"publish","type":"page","link":"https:\/\/www.maximeschwarz.com\/?page_id=2","title":{"rendered":"About"},"content":{"rendered":"[et_pb_section fb_built=&#8221;1&#8243; admin_label=&#8221;section&#8221; _builder_version=&#8221;4.16&#8243; global_colors_info=&#8221;{}&#8221;][et_pb_row admin_label=&#8221;row&#8221; _builder_version=&#8221;4.16&#8243; background_size=&#8221;initial&#8221; background_position=&#8221;top_left&#8221; background_repeat=&#8221;repeat&#8221; hover_enabled=&#8221;0&#8243; global_colors_info=&#8221;{}&#8221; sticky_enabled=&#8221;0&#8243;][et_pb_column type=&#8221;4_4&#8243; _builder_version=&#8221;4.16&#8243; custom_padding=&#8221;|||&#8221; global_colors_info=&#8221;{}&#8221; custom_padding__hover=&#8221;|||&#8221;][et_pb_text admin_label=&#8221;Text&#8221; _builder_version=&#8221;4.17.3&#8243; background_size=&#8221;initial&#8221; background_position=&#8221;top_left&#8221; background_repeat=&#8221;repeat&#8221; hover_enabled=&#8221;0&#8243; global_colors_info=&#8221;{}&#8221; sticky_enabled=&#8221;0&#8243;]<p>I&#8217;m a Swiss and Belgian editor based in Bruxelles, Belgium. I studied editing in Institut des Arts de Diffusion (IAD) in Louvain-La-Neuve and obtained my bachelor degree in 2018.<\/p>\n<p><\/p>\n<p>I edited many music videos, including those for my music projects Breudd and Late Kiss, as well as some short movies and series (Lenny \u00e0 4 \u00e9pingles, The Vape Nation, Douce M\u00e9lancolie, Le Tondeur, Festival, Timeline, etc). I like to edit joyful, dreamy videos and to mix music with cinema. I also edit for News television (France T\u00e9l\u00e9visions, Arte, RTS\/SRF, Euronews) and for institutional videos (visit.brussels, EU Commission, etc).<\/p>\n<p><\/p>\n<p>You can contact me <a href=\"mailto:maxime.schwarz@gmail.com\">here<\/a> ! Or by phone +32 486 50 85 38<\/p>\n<p><\/p>\n<p><\/p>\n<p><\/p>\n<figure class=\"wp-block-image size-full\"><img loading=\"lazy\" decoding=\"async\" width=\"322\" height=\"427\" src=\"https:\/\/www.maximeschwarz.com\/wp-content\/uploads\/2023\/09\/BREUDD-19_comp2-3.png\" alt=\"\" class=\"wp-image-128\" srcset=\"https:\/\/www.maximeschwarz.com\/wp-content\/uploads\/2023\/09\/BREUDD-19_comp2-3.png 322w, https:\/\/www.maximeschwarz.com\/wp-content\/uploads\/2023\/09\/BREUDD-19_comp2-3-226x300.png 226w\" sizes=\"auto, (max-width: 322px) 100vw, 322px\" \/><\/p>\n<p>Photo : Vincent Maynadi\u00e9<\/p>\n<\/figure>\n<p><\/p>\n<p><\/p>\n<p style=\"font-size: 8px;\">Le propri\u00e9taire du nom de domaine maximeschwarz.com est Productions Associ\u00e9es asbl (n\u00b0 d&#8217;entreprise 0896755397), qui a c\u00e9d\u00e9 le droit de l&#8217;exploiter et la responsabilit\u00e9 d&#8217;Editeur y aff\u00e9rente, \u00e0 : Maxime Schwarz.<\/p>\n<p><\/p>[\/et_pb_text][\/et_pb_column][\/et_pb_row][\/et_pb_section]","protected":false},"excerpt":{"rendered":"<p>I&#8217;m a Swiss and Belgian editor based in Bruxelles, Belgium. I studied editing in Institut des Arts de Diffusion (IAD) in Louvain-La-Neuve and obtained my bachelor degree in 2018. I edited many music videos, including those for my music projects Breudd and Late Kiss, as well as some short movies and series (Lenny \u00e0 4 [&hellip;]<\/p>\n","protected":false},"author":1,"featured_media":0,"parent":0,"menu_order":0,"comment_status":"closed","ping_status":"open","template":"","meta":{"_et_pb_use_builder":"on","_et_pb_old_content":"<!-- wp:paragraph -->\n<p>Maxime Schwarz is a Swiss and Belgian editor based in Bruxelles, Belgium. He studied editing in Institut des Arts de Diffusion (IAD) in Louvain-La-Neuve and obtained his bachelor degree in 2018.<\/p>\n<!-- \/wp:paragraph -->\n\n<!-- wp:paragraph -->\n<p>He edited many music videos, including those for his music project Breudd, as well as some short movies and series (Lenny \u00e0 4 \u00e9pingles, The Vape Nation, Douce M\u00e9lancolie, Le Tondeur, Festival, Timeline, etc). He likes to edit joyful, dreamy videos and to mix music with cinema. Also edits for News television (France T\u00e9l\u00e9visions, Arte, RTS\/SRF, Euronews) and for institutional videos (visit.brussels, EU Commission, etc).<\/p>\n<!-- \/wp:paragraph -->\n\n<!-- wp:paragraph -->\n<p>Have fun discovering what I've done ! :)<\/p>\n<!-- \/wp:paragraph -->\n\n<!-- wp:paragraph -->\n<p><\/p>\n<!-- \/wp:paragraph -->\n\n<!-- wp:image {\"id\":128,\"sizeSlug\":\"full\",\"linkDestination\":\"none\"} -->\n<figure class=\"wp-block-image size-full\"><img src=\"http:\/\/www.maximeschwarz.com\/wp-content\/uploads\/2023\/09\/BREUDD-19_comp2-3.png\" alt=\"\" class=\"wp-image-128\"\/><figcaption class=\"wp-element-caption\">Photo : Vincent Maynadi\u00e9<\/figcaption><\/figure>\n<!-- \/wp:image -->\n\n<!-- wp:paragraph {\"style\":{\"typography\":{\"fontSize\":\"8px\"}}} -->\n<p style=\"font-size:8px\">Le propri\u00e9taire du nom de domaine maximeschwarz.com est Productions Associ\u00e9es asbl (n\u00b0 d'entreprise 0896755397), qui a c\u00e9d\u00e9 le droit de l'exploiter et la responsabilit\u00e9 d'Editeur y aff\u00e9rente, \u00e0 : Maxime Schwarz.<\/p>\n<!-- \/wp:paragraph -->","_et_gb_content_width":"","footnotes":""},"class_list":["post-2","page","type-page","status-publish","hentry"],"_links":{"self":[{"href":"https:\/\/www.maximeschwarz.com\/index.php?rest_route=\/wp\/v2\/pages\/2","targetHints":{"allow":["GET"]}}],"collection":[{"href":"https:\/\/www.maximeschwarz.com\/index.php?rest_route=\/wp\/v2\/pages"}],"about":[{"href":"https:\/\/www.maximeschwarz.com\/index.php?rest_route=\/wp\/v2\/types\/page"}],"author":[{"embeddable":true,"href":"https:\/\/www.maximeschwarz.com\/index.php?rest_route=\/wp\/v2\/users\/1"}],"replies":[{"embeddable":true,"href":"https:\/\/www.maximeschwarz.com\/index.php?rest_route=%2Fwp%2Fv2%2Fcomments&post=2"}],"version-history":[{"count":15,"href":"https:\/\/www.maximeschwarz.com\/index.php?rest_route=\/wp\/v2\/pages\/2\/revisions"}],"predecessor-version":[{"id":233,"href":"https:\/\/www.maximeschwarz.com\/index.php?rest_route=\/wp\/v2\/pages\/2\/revisions\/233"}],"wp:attachment":[{"href":"https:\/\/www.maximeschwarz.com\/index.php?rest_route=%2Fwp%2Fv2%2Fmedia&parent=2"}],"curies":[{"name":"wp","href":"https:\/\/api.w.org\/{rel}","templated":true}]}}

[et_pb_section fb_built=&#8221;1&#8243; admin_label=&#8221;section&#8221; _builder_version=&#8221;4.16&#8243; global_colors_info=&#8221;{}&#8221;][et_pb_row admin_label=&#8221;row&#8221; _builder_version=&#8221;4.16&#8243; background_size=&#8221;initial&#8221; background_position=&#8221;top_left&#8221; background_repeat=&#8221;repeat&#8221; hover_enabled=&#8221;0&#8243; global_colors_info=&#8221;{}&#8221; sticky_enabled=&#8221;0&#8243;][et_pb_column type=&#8221;4_4&#8243; _builder_version=&#8221;4.16&#8243; custom_padding=&#8221;|||&#8221; global_colors_info=&#8221;{}&#8221; custom_padding__hover=&#8221;|||&#8221;][et_pb_text admin_label=&#8221;Text&#8221; _builder_version=&#8221;4.17.3&#8243; background_size=&#8221;initial&#8221; background_position=&#8221;top_left&#8221; background_repeat=&#8221;repeat&#8221; hover_enabled=&#8221;0&#8243; global_colors_info=&#8221;{}&#8221; sticky_enabled=&#8221;0&#8243;]<p>I&#8217;m a Swiss and Belgian editor based in Bruxelles, Belgium. I studied editing in Institut des Arts de Diffusion (IAD) in Louvain-La-Neuve and obtained my bachelor degree in 2018.</p>
<p></p>
<p>I edited many music videos, including those for my music projects Breudd and Late Kiss, as well as some short movies and series (Lenny à 4 épingles, The Vape Nation, Douce Mélancolie, Le Tondeur, Festival, Timeline, etc). I like to edit joyful, dreamy videos and to mix music with cinema. I also edit for News television (France Télévisions, Arte, RTS/SRF, Euronews) and for institutional videos (visit.brussels, EU Commission, etc).</p>
<p></p>
<p>You can contact me <a href="mailto:maxime.schwarz@gmail.com">here</a> ! Or by phone +32 486 50 85 38</p>
<p></p>
<p></p>
<p></p>
<figure class="wp-block-image size-full"><img loading="lazy" decoding="async" width="322" height="427" src="https://www.maximeschwarz.com/wp-content/uploads/2023/09/BREUDD-19_comp2-3.png" alt="" class="wp-image-128" srcset="https://www.maximeschwarz.com/wp-content/uploads/2023/09/BREUDD-19_comp2-3.png 322w, https://www.maximeschwarz.com/wp-content/uploads/2023/09/BREUDD-19_comp2-3-226x300.png 226w" sizes="auto, (max-width: 322px) 100vw, 322px" /></p>
<p>Photo : Vincent Maynadié</p>
</figure>
<p></p>
<p></p>
<p style="font-size: 8px;">Le propriétaire du nom de domaine maximeschwarz.com est Productions Associées asbl (n° d&#8217;entreprise 0896755397), qui a cédé le droit de l&#8217;exploiter et la responsabilité d&#8217;Editeur y afférente, à : Maxime Schwarz.</p>
<p></p>[/et_pb_text][/et_pb_column][/et_pb_row][/et_pb_section]

<p>I&#8217;m a Swiss and Belgian editor based in Bruxelles, Belgium. I studied editing in Institut des Arts de Diffusion (IAD) in Louvain-La-Neuve and obtained my bachelor degree in 2018. I edited many music videos, including those for my music projects Breudd and Late Kiss, as well as some short movies and series (Lenny à 4 [&hellip;]</p>

<!-- wp:paragraph -->
<p>Maxime Schwarz is a Swiss and Belgian editor based in Bruxelles, Belgium. He studied editing in Institut des Arts de Diffusion (IAD) in Louvain-La-Neuve and obtained his bachelor degree in 2018.</p>
<!-- /wp:paragraph -->

<!-- wp:paragraph -->
<p>He edited many music videos, including those for his music project Breudd, as well as some short movies and series (Lenny à 4 épingles, The Vape Nation, Douce Mélancolie, Le Tondeur, Festival, Timeline, etc). He likes to edit joyful, dreamy videos and to mix music with cinema. Also edits for News television (France Télévisions, Arte, RTS/SRF, Euronews) and for institutional videos (visit.brussels, EU Commission, etc).</p>
<!-- /wp:paragraph -->

<!-- wp:paragraph -->
<p>Have fun discovering what I've done ! :)</p>
<!-- /wp:paragraph -->

<!-- wp:paragraph -->
<p></p>
<!-- /wp:paragraph -->

<!-- wp:image {"id":128,"sizeSlug":"full","linkDestination":"none"} -->
<figure class="wp-block-image size-full"><img src="http://www.maximeschwarz.com/wp-content/uploads/2023/09/BREUDD-19_comp2-3.png" alt="" class="wp-image-128"/><figcaption class="wp-element-caption">Photo : Vincent Maynadié</figcaption></figure>
<!-- /wp:image -->

<!-- wp:paragraph {"style":{"typography":{"fontSize":"8px"}}} -->
<p style="font-size:8px">Le propriétaire du nom de domaine maximeschwarz.com est Productions Associées asbl (n° d'entreprise 0896755397), qui a cédé le droit de l'exploiter et la responsabilité d'Editeur y afférente, à : Maxime Schwarz.</p>
<!-- /wp:paragraph -->
